{"id":5,"date":"2014-10-31T10:59:17","date_gmt":"2014-10-31T10:59:17","guid":{"rendered":"http:\/\/lifepinassa.eu\/?page_id=5"},"modified":"2016-07-11T08:09:57","modified_gmt":"2016-07-11T08:09:57","slug":"objetivos","status":"publish","type":"page","link":"https:\/\/lifepinassa.eu\/?page_id=5","title":{"rendered":"Objetivos"},"content":{"rendered":"<blockquote><p>El LIFE+ Pinassa tiene como objetivo principal\u00a0mejorar la conservaci\u00f3n de los bosques de pino laricio (Pinus nigra) en Catalu\u00f1a\u00a0(h\u00e1bitat 9530* Pinares (sud-) mediterr\u00e1neos de Pinus nigra end\u00e9micos).<\/p><\/blockquote>\n<p style=\"text-align: left;\"><a href=\"http:\/\/lifepinassa.eu\/wp-content\/uploads\/2014\/10\/AGS_007.jpg\"><img decoding=\"async\" loading=\"lazy\" class=\"aligncenter wp-image-349 size-medium\" src=\"http:\/\/lifepinassa.eu\/wp-content\/uploads\/2014\/10\/AGS_007-300x225.jpg\" alt=\"AGS_007\" width=\"300\" height=\"225\" srcset=\"https:\/\/lifepinassa.eu\/wp-content\/uploads\/2014\/10\/AGS_007-300x225.jpg 300w, https:\/\/lifepinassa.eu\/wp-content\/uploads\/2014\/10\/AGS_007-1024x768.jpg 1024w, https:\/\/lifepinassa.eu\/wp-content\/uploads\/2014\/10\/AGS_007-100x75.jpg 100w, https:\/\/lifepinassa.eu\/wp-content\/uploads\/2014\/10\/AGS_007-150x112.jpg 150w, https:\/\/lifepinassa.eu\/wp-content\/uploads\/2014\/10\/AGS_007-200x150.jpg 200w, https:\/\/lifepinassa.eu\/wp-content\/uploads\/2014\/10\/AGS_007-450x337.jpg 450w, https:\/\/lifepinassa.eu\/wp-content\/uploads\/2014\/10\/AGS_007-600x450.jpg 600w, https:\/\/lifepinassa.eu\/wp-content\/uploads\/2014\/10\/AGS_007-900x675.jpg 900w\" sizes=\"(max-width: 300px) 100vw, 300px\" \/><\/a><\/p>\n<p style=\"text-align: left;\">El proyecto se centra en la implementaci\u00f3n de m\u00faltiples acciones encaminadas a mejorar el estado de conservaci\u00f3n de los bosques de pino laricio a\u00a0medio y largo plazo dentro de la red Natura 2000 catalana.<\/p>\n<p style=\"text-align: left;\">Las acciones se dirigen de manera\u00a0integrada a los principales problemas y amenazas que este h\u00e1bitat, actualmente en un proceso de degradaci\u00f3n y de regresi\u00f3n, enfrenta: estructuras desestabilizadas sin capacidad de regeneraci\u00f3n, no diversificadas y fuertemente expuestas a incendios en el futuro, debido a la intensa explotaci\u00f3n del pasado , el abandono de la gesti\u00f3n y el efecto de los grandes incendios forestales, en un contexto de dr\u00e1sticos cambios globales.<\/p>\n<p style=\"text-align: left;\">La singularidad de las acciones de conservaci\u00f3n propuestas trae una dimensi\u00f3n clara de demostraci\u00f3n en\u00a0la zona del proyecto en cuanto a gesti\u00f3n forestal sostenible y multifuncional, que se ampliar\u00e1n a la Pen\u00ednsula Ib\u00e9rica, de este h\u00e1bitat de inter\u00e9s comunitario prioritario.<\/p>\n<p style=\"text-align: left;\">LIFE Pinassa emprender\u00e1 acciones en 10 lugares de importancia comunitaria (LIC), algunos de los cuales cubren la mayor parte de la distribuci\u00f3n de este h\u00e1bitat en la red Natura 2000 catalana.<\/p>\n<h3 style=\"text-align: left;\">Los objetivos espec\u00edficos son:<\/h3>\n<p style=\"text-align: left;\">&#8211; Proteger las pocas masas\u00a0de caracter\u00edsticas culturales y biol\u00f3gicas excepcionales presentes en el \u00e1rea de distribuci\u00f3n de pino laricio, mejorar la estabilidad del h\u00e1bitat, la regeneraci\u00f3n y la biodiversidad, y reducir su vulnerabilidad a los incendios.<\/p>\n<p style=\"text-align: left;\">&#8211; \u00a0Mejorar significativamente la biodiversidad de los bosques j\u00f3venes, densos y de estructura sencilla de pino laricio, la regeneraci\u00f3n de aquellos fuertemente explotados o de aquellos afectados por grandes incendios.<\/p>\n<p style=\"text-align: left;\">&#8211; Aumentar la resistencia y resiliencia (capacidad de auto-defensa y recuperaci\u00f3n) de los bosques de pino laricio\u00a0a grandes incendios y al cambio clim\u00e1tico.<\/p>\n<p style=\"text-align: left;\">&#8211; Generar y transferir planes y\u00a0herramientas de gesti\u00f3n a los administradores y propietarios, para hacer compatible la conservaci\u00f3n de los bosques de pino laricio\u00a0con sus funciones productivas y recreativas.<\/p>\n<p style=\"text-align: left;\">&#8211; Contribuir a la resoluci\u00f3n de conflictos entre las diferentes funciones de los bosques de pino laricio: ecol\u00f3gicos, econ\u00f3micos y sociales.<\/p>\n<p style=\"text-align: left;\">&#8211; \u00a0Difundir informaci\u00f3n acerca de la red Natura 2000, los valores ambientales y la gesti\u00f3n sostenible de los bosques para el p\u00fablico en general.<\/p>\n","protected":false},"excerpt":{"rendered":"<p>El LIFE+ Pinassa tiene como objetivo principal\u00a0mejorar la conservaci\u00f3n de los bosques de pino laricio (Pinus nigra) en Catalu\u00f1a\u00a0(h\u00e1bitat 9530* Pinares (sud-) mediterr\u00e1neos de Pinus nigra end\u00e9micos). El proyecto se centra en la implementaci\u00f3n de m\u00faltiples acciones encaminadas a mejorar<span class=\"ellipsis\">&hellip;<\/span><\/p>\n<div class=\"read-more\"><a href=\"https:\/\/lifepinassa.eu\/?page_id=5\">Read more &#8250;<\/a><\/div>\n<p><!-- end of .read-more --><\/p>\n","protected":false},"author":1,"featured_media":0,"parent":0,"menu_order":0,"comment_status":"open","ping_status":"open","template":"","meta":{"om_disable_all_campaigns":false,"_mi_skip_tracking":false,"ngg_post_thumbnail":0},"aioseo_notices":[],"_links":{"self":[{"href":"https:\/\/lifepinassa.eu\/index.php?rest_route=\/wp\/v2\/pages\/5"}],"collection":[{"href":"https:\/\/lifepinassa.eu\/index.php?rest_route=\/wp\/v2\/pages"}],"about":[{"href":"https:\/\/lifepinassa.eu\/index.php?rest_route=\/wp\/v2\/types\/page"}],"author":[{"embeddable":true,"href":"https:\/\/lifepinassa.eu\/index.php?rest_route=\/wp\/v2\/users\/1"}],"replies":[{"embeddable":true,"href":"https:\/\/lifepinassa.eu\/index.php?rest_route=%2Fwp%2Fv2%2Fcomments&post=5"}],"version-history":[{"count":10,"href":"https:\/\/lifepinassa.eu\/index.php?rest_route=\/wp\/v2\/pages\/5\/revisions"}],"predecessor-version":[{"id":1160,"href":"https:\/\/lifepinassa.eu\/index.php?rest_route=\/wp\/v2\/pages\/5\/revisions\/1160"}],"wp:attachment":[{"href":"https:\/\/lifepinassa.eu\/index.php?rest_route=%2Fwp%2Fv2%2Fmedia&parent=5"}],"curies":[{"name":"wp","href":"https:\/\/api.w.org\/{rel}","templated":true}]}}