{"id":479,"date":"2015-02-04T13:28:18","date_gmt":"2015-02-04T13:28:18","guid":{"rendered":"http:\/\/lifepinassa.eu\/?page_id=479"},"modified":"2018-06-21T07:54:02","modified_gmt":"2018-06-21T07:54:02","slug":"c7-conservacio-de-boscos-de-pinus-nigra-adults-adaptats-al-regim-natural-de-focs","status":"publish","type":"page","link":"https:\/\/lifepinassa.eu\/?page_id=479","title":{"rendered":"C7. Conservaci\u00f3 de boscos de Pinus nigra adults adaptats al r\u00e8gim natural de focs"},"content":{"rendered":"<p>En la present acci\u00f3 es pret\u00e9n emular la din\u00e0mica natural del foc de baixa intensitat, com a element clau que garanteix la conservaci\u00f3 de l&#8217;h\u00e0bitat de <em>Pinus nigra<\/em>, mantenint estructures amb baixa c\u00e0rrega de combustible en els estrats inferiors i un dosser arbori vital.<\/p>\n<p>Per a aix\u00f2 s&#8217;aplicar\u00e0 foc de baixa intensitat mitjan\u00e7ant cremes prescrites en aquelles localitzacions que presenten signes de maduresa, senyals de l&#8217;acci\u00f3 de focs naturals i que per contra en l&#8217;actualitat mostren una c\u00e0rrega de combustible en els estrats inferiors que pugui condicionar la superviv\u00e8ncia de l&#8217;esp\u00e8cie pel pas d&#8217;un foc d&#8217;origen natural o antr\u00f2pic.<\/p>\n<h4>Objetivos espec\u00edficos<\/h4>\n<ol>\n<li>Preservar les caracter\u00edstiques d&#8217;estructures arbrades adultes adaptades a un r\u00e8gim natural de foc en masses de <em>Pinus nigra<\/em>.<\/li>\n<li>Evitar la p\u00e8rdua d&#8217;aquestes estructures adultes de <em>Pinus nigra<\/em> per l&#8217;acci\u00f3 d&#8217;un incendi forestal en localitzacions d&#8217;alt valor ecol\u00f2gic i paisatg\u00edstic.<\/li>\n<li>\u00a0Aprofundir en el coneixement de la relaci\u00f3 del foc amb l&#8217;esp\u00e8cie <em>Pinus nigra<\/em> i que permeti establir bases de gesti\u00f3 de l&#8217;esp\u00e8cie que integrin la pertorbaci\u00f3 foc.<\/li>\n<\/ol>\n<h4>Resultats<\/h4>\n<p>En el projecte es planifiquen un total 21ha, totes elles presents a la regi\u00f3 meridional. Finalitzada l&#8217;Acci\u00f3 3, s&#8217;han seleccionat un total de <strong>34,14ha<\/strong>. La distribuci\u00f3 de les accions per ZEC i el seu estat d&#8217;execuci\u00f3 es mostren a la Taula 1.<\/p>\n<p>Taula 1. Distribuci\u00f3 i estat de les Accions C7 segons Programa de conservaci\u00f3<\/p>\n<table>\n<tbody>\n<tr>\n<td rowspan=\"2\"><strong>\u00c0MBIT<\/strong><\/td>\n<td rowspan=\"2\"><strong>ZEC<\/strong><\/td>\n<td rowspan=\"2\"><strong>Superf\u00edcie<\/strong><strong>(ha)<\/strong><\/td>\n<td colspan=\"2\"><strong>TREBALLS\u00a0DE CONSERVACI\u00d3<\/strong><\/td>\n<\/tr>\n<tr>\n<td><strong>Superf\u00edcie (ha)<\/strong><\/td>\n<td><strong>Estat<\/strong><\/td>\n<\/tr>\n<tr>\n<td>Meridional<\/td>\n<td>ES5140017 Serra de Montsant-Pas de l\u2019Ase<\/td>\n<td>3,74<\/td>\n<td>3,74<\/td>\n<td>Finalitzats<\/td>\n<\/tr>\n<tr>\n<td>Meridional<\/td>\n<td>ES5140006 Serres de Card\u00f3-El Boix<\/td>\n<td>7,33<\/td>\n<td>7,33<\/td>\n<td>Finalitzats<\/td>\n<\/tr>\n<tr>\n<td>Meridional<\/td>\n<td>ES5140009Tivissa-Vandell\u00f2s-Llaberia<\/td>\n<td>4,77<\/td>\n<td>4,77<\/td>\n<td>Finalitzats<\/td>\n<\/tr>\n<tr>\n<td>Meridional<\/td>\n<td>ES5140011 Sistema Prelitoral Meridional<\/td>\n<td>18,30<\/td>\n<td>18,30<\/td>\n<td>Finalitzats<\/td>\n<\/tr>\n<\/tbody>\n<\/table>\n<p>&nbsp;<\/p>\n<p><strong>\u00a0<a href=\"http:\/\/lifepinassa.eu\/wp-content\/uploads\/2014\/11\/pinassa7.png\"><img decoding=\"async\" loading=\"lazy\" class=\"alignleft wp-image-1367 size-medium\" src=\"http:\/\/lifepinassa.eu\/wp-content\/uploads\/2014\/11\/pinassa7-300x167.png\" alt=\"pinassa7\" width=\"300\" height=\"167\" srcset=\"https:\/\/lifepinassa.eu\/wp-content\/uploads\/2014\/11\/pinassa7-300x167.png 300w, https:\/\/lifepinassa.eu\/wp-content\/uploads\/2014\/11\/pinassa7-450x251.png 450w, https:\/\/lifepinassa.eu\/wp-content\/uploads\/2014\/11\/pinassa7-100x55.png 100w, https:\/\/lifepinassa.eu\/wp-content\/uploads\/2014\/11\/pinassa7-150x83.png 150w, https:\/\/lifepinassa.eu\/wp-content\/uploads\/2014\/11\/pinassa7-200x111.png 200w, https:\/\/lifepinassa.eu\/wp-content\/uploads\/2014\/11\/pinassa7-600x334.png 600w, https:\/\/lifepinassa.eu\/wp-content\/uploads\/2014\/11\/pinassa7.png 652w\" sizes=\"(max-width: 300px) 100vw, 300px\" \/><\/a><\/strong><\/p>\n<p>&nbsp;<\/p>\n<p>&nbsp;<\/p>\n<p>&nbsp;<\/p>\n<p>&nbsp;<\/p>\n<p>&nbsp;<\/p>\n<p>Figura 1.\u00a0Crema prescrita de l&#8217;acci\u00f3 C7 a Serra de Montsant-Pas de l&#8217;Ase<\/p>\n","protected":false},"excerpt":{"rendered":"<p>En la present acci\u00f3 es pret\u00e9n emular la din\u00e0mica natural del foc de baixa intensitat, com a element clau que garanteix la conservaci\u00f3 de l&#8217;h\u00e0bitat de Pinus nigra, mantenint estructures amb baixa c\u00e0rrega de combustible en els estrats inferiors i<span class=\"ellipsis\">&hellip;<\/span><\/p>\n<div class=\"read-more\"><a href=\"https:\/\/lifepinassa.eu\/?page_id=479\">Read more &#8250;<\/a><\/div>\n<p><!-- end of .read-more --><\/p>\n","protected":false},"author":1,"featured_media":0,"parent":463,"menu_order":7,"comment_status":"open","ping_status":"open","template":"","meta":{"om_disable_all_campaigns":false,"_mi_skip_tracking":false,"ngg_post_thumbnail":0},"aioseo_notices":[],"_links":{"self":[{"href":"https:\/\/lifepinassa.eu\/index.php?rest_route=\/wp\/v2\/pages\/479"}],"collection":[{"href":"https:\/\/lifepinassa.eu\/index.php?rest_route=\/wp\/v2\/pages"}],"about":[{"href":"https:\/\/lifepinassa.eu\/index.php?rest_route=\/wp\/v2\/types\/page"}],"author":[{"embeddable":true,"href":"https:\/\/lifepinassa.eu\/index.php?rest_route=\/wp\/v2\/users\/1"}],"replies":[{"embeddable":true,"href":"https:\/\/lifepinassa.eu\/index.php?rest_route=%2Fwp%2Fv2%2Fcomments&post=479"}],"version-history":[{"count":4,"href":"https:\/\/lifepinassa.eu\/index.php?rest_route=\/wp\/v2\/pages\/479\/revisions"}],"predecessor-version":[{"id":1861,"href":"https:\/\/lifepinassa.eu\/index.php?rest_route=\/wp\/v2\/pages\/479\/revisions\/1861"}],"up":[{"embeddable":true,"href":"https:\/\/lifepinassa.eu\/index.php?rest_route=\/wp\/v2\/pages\/463"}],"wp:attachment":[{"href":"https:\/\/lifepinassa.eu\/index.php?rest_route=%2Fwp%2Fv2%2Fmedia&parent=479"}],"curies":[{"name":"wp","href":"https:\/\/api.w.org\/{rel}","templated":true}]}}

C7. Conservació de boscos de Pinus nigra adults adaptats al règim natural de focs

<p>En la present acció es pretén emular la dinàmica natural del foc de baixa intensitat, com a element clau que garanteix la conservació de l&#8217;hàbitat de <em>Pinus nigra</em>, mantenint estructures amb baixa càrrega de combustible en els estrats inferiors i un dosser arbori vital.</p>
<p>Per a això s&#8217;aplicarà foc de baixa intensitat mitjançant cremes prescrites en aquelles localitzacions que presenten signes de maduresa, senyals de l&#8217;acció de focs naturals i que per contra en l&#8217;actualitat mostren una càrrega de combustible en els estrats inferiors que pugui condicionar la supervivència de l&#8217;espècie pel pas d&#8217;un foc d&#8217;origen natural o antròpic.</p>
<h4>Objetivos específicos</h4>
<ol>
<li>Preservar les característiques d&#8217;estructures arbrades adultes adaptades a un règim natural de foc en masses de <em>Pinus nigra</em>.</li>
<li>Evitar la pèrdua d&#8217;aquestes estructures adultes de <em>Pinus nigra</em> per l&#8217;acció d&#8217;un incendi forestal en localitzacions d&#8217;alt valor ecològic i paisatgístic.</li>
<li> Aprofundir en el coneixement de la relació del foc amb l&#8217;espècie <em>Pinus nigra</em> i que permeti establir bases de gestió de l&#8217;espècie que integrin la pertorbació foc.</li>
</ol>
<h4>Resultats</h4>
<p>En el projecte es planifiquen un total 21ha, totes elles presents a la regió meridional. Finalitzada l&#8217;Acció 3, s&#8217;han seleccionat un total de <strong>34,14ha</strong>. La distribució de les accions per ZEC i el seu estat d&#8217;execució es mostren a la Taula 1.</p>
<p>Taula 1. Distribució i estat de les Accions C7 segons Programa de conservació</p>
<table>
<tbody>
<tr>
<td rowspan="2"><strong>ÀMBIT</strong></td>
<td rowspan="2"><strong>ZEC</strong></td>
<td rowspan="2"><strong>Superfície</strong><strong>(ha)</strong></td>
<td colspan="2"><strong>TREBALLS DE CONSERVACIÓ</strong></td>
</tr>
<tr>
<td><strong>Superfície (ha)</strong></td>
<td><strong>Estat</strong></td>
</tr>
<tr>
<td>Meridional</td>
<td>ES5140017 Serra de Montsant-Pas de l’Ase</td>
<td>3,74</td>
<td>3,74</td>
<td>Finalitzats</td>
</tr>
<tr>
<td>Meridional</td>
<td>ES5140006 Serres de Cardó-El Boix</td>
<td>7,33</td>
<td>7,33</td>
<td>Finalitzats</td>
</tr>
<tr>
<td>Meridional</td>
<td>ES5140009Tivissa-Vandellòs-Llaberia</td>
<td>4,77</td>
<td>4,77</td>
<td>Finalitzats</td>
</tr>
<tr>
<td>Meridional</td>
<td>ES5140011 Sistema Prelitoral Meridional</td>
<td>18,30</td>
<td>18,30</td>
<td>Finalitzats</td>
</tr>
</tbody>
</table>
<p>&nbsp;</p>
<p><strong> <a href="http://lifepinassa.eu/wp-content/uploads/2014/11/pinassa7.png"><img decoding="async" loading="lazy" class="alignleft wp-image-1367 size-medium" src="http://lifepinassa.eu/wp-content/uploads/2014/11/pinassa7-300x167.png" alt="pinassa7" width="300" height="167" srcset="https://lifepinassa.eu/wp-content/uploads/2014/11/pinassa7-300x167.png 300w, https://lifepinassa.eu/wp-content/uploads/2014/11/pinassa7-450x251.png 450w, https://lifepinassa.eu/wp-content/uploads/2014/11/pinassa7-100x55.png 100w, https://lifepinassa.eu/wp-content/uploads/2014/11/pinassa7-150x83.png 150w, https://lifepinassa.eu/wp-content/uploads/2014/11/pinassa7-200x111.png 200w, https://lifepinassa.eu/wp-content/uploads/2014/11/pinassa7-600x334.png 600w, https://lifepinassa.eu/wp-content/uploads/2014/11/pinassa7.png 652w" sizes="(max-width: 300px) 100vw, 300px" /></a></strong></p>
<p>&nbsp;</p>
<p>&nbsp;</p>
<p>&nbsp;</p>
<p>&nbsp;</p>
<p>&nbsp;</p>
<p>Figura 1. Crema prescrita de l&#8217;acció C7 a Serra de Montsant-Pas de l&#8217;Ase</p>

<p>En la present acció es pretén emular la dinàmica natural del foc de baixa intensitat, com a element clau que garanteix la conservació de l&#8217;hàbitat de Pinus nigra, mantenint estructures amb baixa càrrega de combustible en els estrats inferiors i<span class="ellipsis">&hellip;</span></p>
<div class="read-more"><a href="https://lifepinassa.eu/?page_id=479">Read more &#8250;</a></div>
<p><!-- end of .read-more --></p>
