{"id":471,"date":"2015-02-04T13:11:29","date_gmt":"2015-02-04T13:11:29","guid":{"rendered":"http:\/\/lifepinassa.eu\/?page_id=471"},"modified":"2018-06-21T07:52:53","modified_gmt":"2018-06-21T07:52:53","slug":"c3-actuacions-silvicoles-de-millora-de-lhabitat-en-boscos-adults-sense-regeneracio-destructura-molt-simplificada-i-baixa-biodiversitat","status":"publish","type":"page","link":"https:\/\/lifepinassa.eu\/?page_id=471","title":{"rendered":"C3. Actuacions silv\u00edcoles de millora de l&#8217;h\u00e0bitat en boscos adults sense regeneraci\u00f3, d&#8217;estructura molt simplificada i baixa biodiversitat"},"content":{"rendered":"<p>L&#8217;actuaci\u00f3 b\u00e0sica consistir\u00e0 en l&#8217;obertura de petits buits en el dosser, de menys de 1000 m2 generant cons de regeneraci\u00f3 molt adequats per a l&#8217;esp\u00e8cie i assegurar la conservaci\u00f3 de les pinedes de Pinus nigra garantint la regeneraci\u00f3 natural suficient de la pinassa com a esp\u00e8cie dominant i que condiciona en major mesura l&#8217;estructura de l&#8217;h\u00e0bitat. La regeneraci\u00f3 natural de l&#8217;esp\u00e8cie en moltes zones del seu h\u00e0bitat de distribuci\u00f3 \u00e9s inexistent o molt limitada a causa de processos hist\u00f2rics, sobretot en aquelles on la gesti\u00f3 passada va ser intensa i els arbres planters, que han de garantir la sostenibilitat del Pinus nigra, no presenten les millors caracter\u00edstiques per garantir una regeneraci\u00f3 vital en el futur.<\/p>\n<h4>Objectius espec\u00edfics<\/h4>\n<ol>\n<li>Fomentar la regeneraci\u00f3 natural en tres rodals de <em>Pinus nigra<\/em> adults d&#8217;estructura regular, on la massa ja presenta s\u00edmptomes de maduresa i no hi ha regeneraci\u00f3 que garanteixi la sostenibilitat a llarg termini de l&#8217;h\u00e0bitat dominat per la pinassa.<\/li>\n<li>Millorar l&#8217;heterogene\u00eftat de la vegetaci\u00f3, la complexitat ecol\u00f2gica i la biodiversitat del bosc.<\/li>\n<li>Exemplificar la gesti\u00f3 per a la millora de boscos joves i densos d&#8217;escassa vitalitat, baixa diversitat estructural i elevat risc d&#8217;incendi, i que permeti la multifuncionalitat de l&#8217;h\u00e0bitat, compatibilitzant la conservaci\u00f3 de l&#8217;h\u00e0bitat amb una gesti\u00f3 ecol\u00f2gica, econ\u00f2mica i socialment sostenible.<\/li>\n<li>Elaborar material de transfer\u00e8ncia on es recullin les principals recomanacions de gesti\u00f3 sobre tractaments de clares de millora per garantir la conservaci\u00f3 i millora de l&#8217;h\u00e0bitat en boscos de <em>Pinus nigra<\/em> mitjan\u00e7ant l&#8217;aplicaci\u00f3 de les millors t\u00e8cniques disponibles (BAT) de Gesti\u00f3 Forestal Sostenible (SFM), fent compatible la conservaci\u00f3 amb la resta de funcions del bosc (socioecon\u00f2mica i recreativa).<\/li>\n<\/ol>\n<p>Constitueix una acci\u00f3 demostrativa per a la seva aplicabilitat al conjunt dels boscos de pinassa d&#8217;aquesta estructura d&#8217;h\u00e0bitat en el conjunt de la seva distribuci\u00f3 ib\u00e8rica. Els rodals on s&#8217;actuar\u00e0 presenten un elevat valor demostratiu: es localitzaran en llocs de bona accessibilitat, s\u00f3n representatius de la tipologia d&#8217;h\u00e0bitat identificada, i amb totes les facilitats per a la seva posterior visita a accions de formaci\u00f3 i divulgaci\u00f3.<\/p>\n<h4>Resultats<\/h4>\n<p>En el projecte es planifiquen un total de 68ha, 54ha a la regi\u00f3 prepirinenca i central i 14ha en la meridional. Finalitzada l&#8217;Acci\u00f3 3, s&#8217;han seleccionat un total de <strong>51,62ha<\/strong>. Durant el proc\u00e9s de tramitaci\u00f3 de les accions previstes s&#8217;han excl\u00f2s un total de 6,67ha, a causa dels condicionants d&#8217;execuci\u00f3 establerts pels \u00f2rgans de gesti\u00f3 del Parc Natural dels Ports. La distribuci\u00f3 per ZEC de les accions i el seu estat d&#8217;execuci\u00f3 es mostren a la Taula 1:<\/p>\n<p>Taula 1. Distribuci\u00f3 i estat de les Accions C3 segons Programa de conservaci\u00f3<\/p>\n<table>\n<tbody>\n<tr>\n<td rowspan=\"2\"><b>\u00c0MBIT<\/b><\/td>\n<td rowspan=\"2\"><strong>ZEC<\/strong><\/td>\n<td rowspan=\"2\"><strong>Superf\u00edcie<\/strong><strong>(ha)<\/strong><\/td>\n<td colspan=\"2\"><strong>TREBALLS\u00a0DE CONSERVACI\u00d3\u00a0<\/strong><\/td>\n<\/tr>\n<tr>\n<td><strong>Superf\u00edcie (ha)<\/strong><\/td>\n<td><strong>Estat<\/strong><\/td>\n<\/tr>\n<tr>\n<td>Prepirenaic i central<\/td>\n<td>ES5130028 Ribera Salada<\/td>\n<td>4,20<\/td>\n<td>4,20<\/td>\n<td>Finalitzats<\/td>\n<\/tr>\n<tr>\n<td>Prepirenaic i central<\/td>\n<td>ES5130027 Obagues riera de Madrona<\/td>\n<td>3,66<\/td>\n<td>3,66<\/td>\n<td>Finalitzats<\/td>\n<\/tr>\n<tr>\n<td>Prepirenaic i central<\/td>\n<td>ES5130010- Serra de Boumort-Collegats<\/td>\n<td>24,33<\/td>\n<td>22,00*<\/td>\n<td>Finalitzats<\/td>\n<\/tr>\n<tr>\n<td>Meridional<\/td>\n<td>ES5140011 Sistema Prelitoral Meridional<\/td>\n<td>2,15<\/td>\n<td>2,15<\/td>\n<td>Finalitzats<\/td>\n<\/tr>\n<tr>\n<td>Meridional<\/td>\n<td>ES5140009Tivissa-Vandell\u00f3s-Llaberia<\/td>\n<td>17,28<\/td>\n<td>17,28<\/td>\n<td>Finalitzats<\/td>\n<\/tr>\n<\/tbody>\n<\/table>\n<p>*En el proc\u00e9s de marcatge s&#8217;han excl\u00f2s 2,33ha per dificultat en el desembosc<\/p>\n<p>&nbsp;<\/p>\n<p><a href=\"http:\/\/lifepinassa.eu\/wp-content\/uploads\/2014\/11\/pinassa3.png\"><img decoding=\"async\" loading=\"lazy\" class=\"alignleft wp-image-1363\" src=\"http:\/\/lifepinassa.eu\/wp-content\/uploads\/2014\/11\/pinassa3-300x168.png\" alt=\"pinassa3\" width=\"400\" height=\"225\" srcset=\"https:\/\/lifepinassa.eu\/wp-content\/uploads\/2014\/11\/pinassa3-300x168.png 300w, https:\/\/lifepinassa.eu\/wp-content\/uploads\/2014\/11\/pinassa3-100x56.png 100w, https:\/\/lifepinassa.eu\/wp-content\/uploads\/2014\/11\/pinassa3-150x84.png 150w, https:\/\/lifepinassa.eu\/wp-content\/uploads\/2014\/11\/pinassa3-200x112.png 200w, https:\/\/lifepinassa.eu\/wp-content\/uploads\/2014\/11\/pinassa3-450x253.png 450w, https:\/\/lifepinassa.eu\/wp-content\/uploads\/2014\/11\/pinassa3-600x337.png 600w, https:\/\/lifepinassa.eu\/wp-content\/uploads\/2014\/11\/pinassa3-900x506.png 900w, https:\/\/lifepinassa.eu\/wp-content\/uploads\/2014\/11\/pinassa3.png 940w\" sizes=\"(max-width: 400px) 100vw, 400px\" \/><\/a><\/p>\n<p>&nbsp;<\/p>\n<p>&nbsp;<\/p>\n<p>&nbsp;<\/p>\n<p>&nbsp;<\/p>\n<p>&nbsp;<\/p>\n<p>&nbsp;<\/p>\n<p>&nbsp;<\/p>\n<p>&nbsp;<\/p>\n<p>Figura 1. Tallada preparat\u00f2ria de l&#8217;arbrat a la\u00a0Serra de Boumort-Collegats<\/p>\n","protected":false},"excerpt":{"rendered":"<p>L&#8217;actuaci\u00f3 b\u00e0sica consistir\u00e0 en l&#8217;obertura de petits buits en el dosser, de menys de 1000 m2 generant cons de regeneraci\u00f3 molt adequats per a l&#8217;esp\u00e8cie i assegurar la conservaci\u00f3 de les pinedes de Pinus nigra garantint la regeneraci\u00f3 natural suficient<span class=\"ellipsis\">&hellip;<\/span><\/p>\n<div class=\"read-more\"><a href=\"https:\/\/lifepinassa.eu\/?page_id=471\">Read more &#8250;<\/a><\/div>\n<p><!-- end of .read-more --><\/p>\n","protected":false},"author":1,"featured_media":0,"parent":463,"menu_order":3,"comment_status":"open","ping_status":"open","template":"","meta":{"om_disable_all_campaigns":false,"_mi_skip_tracking":false,"ngg_post_thumbnail":0},"aioseo_notices":[],"_links":{"self":[{"href":"https:\/\/lifepinassa.eu\/index.php?rest_route=\/wp\/v2\/pages\/471"}],"collection":[{"href":"https:\/\/lifepinassa.eu\/index.php?rest_route=\/wp\/v2\/pages"}],"about":[{"href":"https:\/\/lifepinassa.eu\/index.php?rest_route=\/wp\/v2\/types\/page"}],"author":[{"embeddable":true,"href":"https:\/\/lifepinassa.eu\/index.php?rest_route=\/wp\/v2\/users\/1"}],"replies":[{"embeddable":true,"href":"https:\/\/lifepinassa.eu\/index.php?rest_route=%2Fwp%2Fv2%2Fcomments&post=471"}],"version-history":[{"count":4,"href":"https:\/\/lifepinassa.eu\/index.php?rest_route=\/wp\/v2\/pages\/471\/revisions"}],"predecessor-version":[{"id":1857,"href":"https:\/\/lifepinassa.eu\/index.php?rest_route=\/wp\/v2\/pages\/471\/revisions\/1857"}],"up":[{"embeddable":true,"href":"https:\/\/lifepinassa.eu\/index.php?rest_route=\/wp\/v2\/pages\/463"}],"wp:attachment":[{"href":"https:\/\/lifepinassa.eu\/index.php?rest_route=%2Fwp%2Fv2%2Fmedia&parent=471"}],"curies":[{"name":"wp","href":"https:\/\/api.w.org\/{rel}","templated":true}]}}

C3. Actuacions silvícoles de millora de l&#8217;hàbitat en boscos adults sense regeneració, d&#8217;estructura molt simplificada i baixa biodiversitat

<p>L&#8217;actuació bàsica consistirà en l&#8217;obertura de petits buits en el dosser, de menys de 1000 m2 generant cons de regeneració molt adequats per a l&#8217;espècie i assegurar la conservació de les pinedes de Pinus nigra garantint la regeneració natural suficient de la pinassa com a espècie dominant i que condiciona en major mesura l&#8217;estructura de l&#8217;hàbitat. La regeneració natural de l&#8217;espècie en moltes zones del seu hàbitat de distribució és inexistent o molt limitada a causa de processos històrics, sobretot en aquelles on la gestió passada va ser intensa i els arbres planters, que han de garantir la sostenibilitat del Pinus nigra, no presenten les millors característiques per garantir una regeneració vital en el futur.</p>
<h4>Objectius específics</h4>
<ol>
<li>Fomentar la regeneració natural en tres rodals de <em>Pinus nigra</em> adults d&#8217;estructura regular, on la massa ja presenta símptomes de maduresa i no hi ha regeneració que garanteixi la sostenibilitat a llarg termini de l&#8217;hàbitat dominat per la pinassa.</li>
<li>Millorar l&#8217;heterogeneïtat de la vegetació, la complexitat ecològica i la biodiversitat del bosc.</li>
<li>Exemplificar la gestió per a la millora de boscos joves i densos d&#8217;escassa vitalitat, baixa diversitat estructural i elevat risc d&#8217;incendi, i que permeti la multifuncionalitat de l&#8217;hàbitat, compatibilitzant la conservació de l&#8217;hàbitat amb una gestió ecològica, econòmica i socialment sostenible.</li>
<li>Elaborar material de transferència on es recullin les principals recomanacions de gestió sobre tractaments de clares de millora per garantir la conservació i millora de l&#8217;hàbitat en boscos de <em>Pinus nigra</em> mitjançant l&#8217;aplicació de les millors tècniques disponibles (BAT) de Gestió Forestal Sostenible (SFM), fent compatible la conservació amb la resta de funcions del bosc (socioeconòmica i recreativa).</li>
</ol>
<p>Constitueix una acció demostrativa per a la seva aplicabilitat al conjunt dels boscos de pinassa d&#8217;aquesta estructura d&#8217;hàbitat en el conjunt de la seva distribució ibèrica. Els rodals on s&#8217;actuarà presenten un elevat valor demostratiu: es localitzaran en llocs de bona accessibilitat, són representatius de la tipologia d&#8217;hàbitat identificada, i amb totes les facilitats per a la seva posterior visita a accions de formació i divulgació.</p>
<h4>Resultats</h4>
<p>En el projecte es planifiquen un total de 68ha, 54ha a la regió prepirinenca i central i 14ha en la meridional. Finalitzada l&#8217;Acció 3, s&#8217;han seleccionat un total de <strong>51,62ha</strong>. Durant el procés de tramitació de les accions previstes s&#8217;han exclòs un total de 6,67ha, a causa dels condicionants d&#8217;execució establerts pels òrgans de gestió del Parc Natural dels Ports. La distribució per ZEC de les accions i el seu estat d&#8217;execució es mostren a la Taula 1:</p>
<p>Taula 1. Distribució i estat de les Accions C3 segons Programa de conservació</p>
<table>
<tbody>
<tr>
<td rowspan="2"><b>ÀMBIT</b></td>
<td rowspan="2"><strong>ZEC</strong></td>
<td rowspan="2"><strong>Superfície</strong><strong>(ha)</strong></td>
<td colspan="2"><strong>TREBALLS DE CONSERVACIÓ </strong></td>
</tr>
<tr>
<td><strong>Superfície (ha)</strong></td>
<td><strong>Estat</strong></td>
</tr>
<tr>
<td>Prepirenaic i central</td>
<td>ES5130028 Ribera Salada</td>
<td>4,20</td>
<td>4,20</td>
<td>Finalitzats</td>
</tr>
<tr>
<td>Prepirenaic i central</td>
<td>ES5130027 Obagues riera de Madrona</td>
<td>3,66</td>
<td>3,66</td>
<td>Finalitzats</td>
</tr>
<tr>
<td>Prepirenaic i central</td>
<td>ES5130010- Serra de Boumort-Collegats</td>
<td>24,33</td>
<td>22,00*</td>
<td>Finalitzats</td>
</tr>
<tr>
<td>Meridional</td>
<td>ES5140011 Sistema Prelitoral Meridional</td>
<td>2,15</td>
<td>2,15</td>
<td>Finalitzats</td>
</tr>
<tr>
<td>Meridional</td>
<td>ES5140009Tivissa-Vandellós-Llaberia</td>
<td>17,28</td>
<td>17,28</td>
<td>Finalitzats</td>
</tr>
</tbody>
</table>
<p>*En el procés de marcatge s&#8217;han exclòs 2,33ha per dificultat en el desembosc</p>
<p>&nbsp;</p>
<p><a href="http://lifepinassa.eu/wp-content/uploads/2014/11/pinassa3.png"><img decoding="async" loading="lazy" class="alignleft wp-image-1363" src="http://lifepinassa.eu/wp-content/uploads/2014/11/pinassa3-300x168.png" alt="pinassa3" width="400" height="225" srcset="https://lifepinassa.eu/wp-content/uploads/2014/11/pinassa3-300x168.png 300w, https://lifepinassa.eu/wp-content/uploads/2014/11/pinassa3-100x56.png 100w, https://lifepinassa.eu/wp-content/uploads/2014/11/pinassa3-150x84.png 150w, https://lifepinassa.eu/wp-content/uploads/2014/11/pinassa3-200x112.png 200w, https://lifepinassa.eu/wp-content/uploads/2014/11/pinassa3-450x253.png 450w, https://lifepinassa.eu/wp-content/uploads/2014/11/pinassa3-600x337.png 600w, https://lifepinassa.eu/wp-content/uploads/2014/11/pinassa3-900x506.png 900w, https://lifepinassa.eu/wp-content/uploads/2014/11/pinassa3.png 940w" sizes="(max-width: 400px) 100vw, 400px" /></a></p>
<p>&nbsp;</p>
<p>&nbsp;</p>
<p>&nbsp;</p>
<p>&nbsp;</p>
<p>&nbsp;</p>
<p>&nbsp;</p>
<p>&nbsp;</p>
<p>&nbsp;</p>
<p>Figura 1. Tallada preparatòria de l&#8217;arbrat a la Serra de Boumort-Collegats</p>

<p>L&#8217;actuació bàsica consistirà en l&#8217;obertura de petits buits en el dosser, de menys de 1000 m2 generant cons de regeneració molt adequats per a l&#8217;espècie i assegurar la conservació de les pinedes de Pinus nigra garantint la regeneració natural suficient<span class="ellipsis">&hellip;</span></p>
<div class="read-more"><a href="https://lifepinassa.eu/?page_id=471">Read more &#8250;</a></div>
<p><!-- end of .read-more --></p>
