{"id":468,"date":"2015-02-04T12:59:29","date_gmt":"2015-02-04T12:59:29","guid":{"rendered":"http:\/\/lifepinassa.eu\/?page_id=468"},"modified":"2018-06-21T07:48:21","modified_gmt":"2018-06-21T07:48:21","slug":"c2-actuacions-silvicoles-de-millora-de-lhabitat-en-boscos-joves-i-densos-descassa-vitalitat-baixa-diversitat-estructural-i-elevat-risc-de-incendi","status":"publish","type":"page","link":"https:\/\/lifepinassa.eu\/?page_id=468","title":{"rendered":"C2. Actuacions silv\u00edcoles de millora de l&#8217;h\u00e0bitat en boscos joves i densos d&#8217;escassa vitalitat, baixa diversitat estructural i elevat risc de incendi"},"content":{"rendered":"<p><img decoding=\"async\" loading=\"lazy\" class=\"alignright wp-image-372\" src=\"http:\/\/lifepinassa.eu\/wp-content\/uploads\/2014\/11\/Acci\u00f3_C3-300x199.jpg\" alt=\"\" width=\"254\" height=\"169\" srcset=\"https:\/\/lifepinassa.eu\/wp-content\/uploads\/2014\/11\/Acci\u00f3_C3-300x199.jpg 300w, https:\/\/lifepinassa.eu\/wp-content\/uploads\/2014\/11\/Acci\u00f3_C3-1024x680.jpg 1024w, https:\/\/lifepinassa.eu\/wp-content\/uploads\/2014\/11\/Acci\u00f3_C3-100x66.jpg 100w, https:\/\/lifepinassa.eu\/wp-content\/uploads\/2014\/11\/Acci\u00f3_C3-150x99.jpg 150w, https:\/\/lifepinassa.eu\/wp-content\/uploads\/2014\/11\/Acci\u00f3_C3-200x132.jpg 200w, https:\/\/lifepinassa.eu\/wp-content\/uploads\/2014\/11\/Acci\u00f3_C3-450x299.jpg 450w, https:\/\/lifepinassa.eu\/wp-content\/uploads\/2014\/11\/Acci\u00f3_C3-600x398.jpg 600w, https:\/\/lifepinassa.eu\/wp-content\/uploads\/2014\/11\/Acci\u00f3_C3-900x598.jpg 900w\" sizes=\"(max-width: 254px) 100vw, 254px\" \/><\/p>\n<p>El projecte LIFE Pinassa realitzar\u00e0 una regulaci\u00f3 de la compet\u00e8ncia intraespec\u00edfica de l&#8217;arbrat en boscos de <em>Pinus nigra<\/em> que es trobin en estadis joves d&#8217;arbrat, fruit de la regeneraci\u00f3 natural de l&#8217;esp\u00e8cie en antics terrenys de pastures o cultius. Aquestes estructures d&#8217;h\u00e0bitat presenten elevades densitats, constituint boscos fr\u00e0gils i poc estables, amb escassa biodiversitat a causa d&#8217;una estructura molt homog\u00e8nia, excessivament densa i falta de maduresa. A m\u00e9s, s\u00f3n boscos molt vulnerables a les sequeres i incendis forestals.<\/p>\n<h4>Objectius espec\u00edfics<\/h4>\n<ol>\n<li>Millorar l&#8217;heterogene\u00eftat estructural i de composici\u00f3 de la vegetaci\u00f3, la complexitat ecol\u00f2gica i la biodiversitat del bosc.<\/li>\n<li>Condicionar el creixement del bosc per conduir cap a estadis de maduresa estructural a mitj\u00e0 i llarg termini, a la vegada que s&#8217;aconsegueix una major estabilitat de l&#8217;estrat arbori en el seu conjunt i una major resist\u00e8ncia a les sequeres.<\/li>\n<li>Reduir el perill d&#8217;incendis forestals d&#8217;aquests boscos i incrementar la seva resist\u00e8ncia i resili\u00e8ncia enfront del canvi clim\u00e0tic.<\/li>\n<li>Exemplificar la gesti\u00f3 per a la millora de boscos joves i densos d&#8217;escassa vitalitat, baixa diversitat estructural i elevat risc d&#8217;incendi, i que permeti la multifuncionalitat de l&#8217;h\u00e0bitat, compatibilitzant la conservaci\u00f3 de l&#8217;h\u00e0bitat amb una gesti\u00f3 ecol\u00f2gica, econ\u00f2mica i socialment sostenible.<\/li>\n<li>Elaborar material de transfer\u00e8ncia on es recullin les principals recomanacions de gesti\u00f3 sobre tractaments de clares de millora per garantir la conservaci\u00f3 i millora de l&#8217;h\u00e0bitat en boscos de <em>Pinus nigra<\/em> mitjan\u00e7ant l&#8217;aplicaci\u00f3 de les millors t\u00e8cniques disponibles (BAT) de Gesti\u00f3 Forestal Sostenible (SFM), fent compatible la conservaci\u00f3 amb la resta de funcions del bosc (socioecon\u00f2mica i recreativa)<\/li>\n<\/ol>\n<p>Constitueix una acci\u00f3 demostrativa per a la seva aplicabilitat al conjunt dels boscos de pinassa d&#8217;aquesta estructura d&#8217;h\u00e0bitat en el conjunt de la seva distribuci\u00f3 ib\u00e8rica. Els rodals on s&#8217;actuar\u00e0 presenten un elevat valor demostratiu: es localitzaran en llocs de bona accessibilitat, s\u00f3n representatius de la tipologia d&#8217;h\u00e0bitat identificada, i amb totes les facilitats per a la seva posterior visita a accions de formaci\u00f3 i divulgaci\u00f3.<\/p>\n<h4>Resultats<\/h4>\n<p>En el projecte es planifiquen un total 42,4ha, 18,4ha a la regi\u00f3 prepirinenca i central i 24ha en la meridional. Finalitzada l&#8217;Acci\u00f3 3, s&#8217;han seleccionat un total de<strong> 44,4ha<\/strong>. La distribuci\u00f3 per ZEC i estat d&#8217;execuci\u00f3 es mostren a la Taula 1:<\/p>\n<p>Taula 1. Distribuci\u00f3 i estat de les Accions C2 segons Programa de conservaci\u00f3<\/p>\n<table>\n<tbody>\n<tr>\n<td rowspan=\"2\"><strong>\u00c0MBIT<\/strong><\/td>\n<td rowspan=\"2\"><strong>ZEC<\/strong><\/td>\n<td rowspan=\"2\"><strong>Superf\u00edcie<\/strong><strong>(ha)<\/strong><\/td>\n<td colspan=\"2\"><strong>TREBALLS DE CONSERVACI\u00d3\u00a0<\/strong><\/td>\n<\/tr>\n<tr>\n<td><strong>Superf\u00cdcie (ha)<\/strong><\/td>\n<td><strong>Estat<\/strong><\/td>\n<\/tr>\n<tr>\n<td>Prepirenaic i central<\/td>\n<td>ES5130028 Ribera Salada<\/td>\n<td>18,89<\/td>\n<td>18,89<\/td>\n<td>Finalitzats<\/td>\n<\/tr>\n<tr>\n<td>Prepirenaic i central<\/td>\n<td>ES5130027 Obagues riera de Madrona<\/td>\n<td>6,64<\/td>\n<td>6,64<\/td>\n<td>Finalitzats<\/td>\n<\/tr>\n<tr>\n<td>Meridional<\/td>\n<td>ES5140011 Sistema Prelitoral Meridional<\/td>\n<td>18,87<\/td>\n<td>18,87<\/td>\n<td>Finalitzats<\/td>\n<\/tr>\n<\/tbody>\n<\/table>\n<p><a href=\"http:\/\/lifepinassa.eu\/wp-content\/uploads\/2014\/11\/pinassa2.png\"><img decoding=\"async\" loading=\"lazy\" class=\"alignleft wp-image-1362 size-medium\" src=\"http:\/\/lifepinassa.eu\/wp-content\/uploads\/2014\/11\/pinassa2-226x300.png\" alt=\"pinassa2\" width=\"226\" height=\"300\" srcset=\"https:\/\/lifepinassa.eu\/wp-content\/uploads\/2014\/11\/pinassa2-226x300.png 226w, https:\/\/lifepinassa.eu\/wp-content\/uploads\/2014\/11\/pinassa2-100x132.png 100w, https:\/\/lifepinassa.eu\/wp-content\/uploads\/2014\/11\/pinassa2-150x199.png 150w, https:\/\/lifepinassa.eu\/wp-content\/uploads\/2014\/11\/pinassa2-200x265.png 200w, https:\/\/lifepinassa.eu\/wp-content\/uploads\/2014\/11\/pinassa2-300x398.png 300w, https:\/\/lifepinassa.eu\/wp-content\/uploads\/2014\/11\/pinassa2-450x597.png 450w, https:\/\/lifepinassa.eu\/wp-content\/uploads\/2014\/11\/pinassa2.png 584w\" sizes=\"(max-width: 226px) 100vw, 226px\" \/><\/a><\/p>\n<p>&nbsp;<\/p>\n<p>&nbsp;<\/p>\n<p>&nbsp;<\/p>\n<p>&nbsp;<\/p>\n<p>&nbsp;<\/p>\n<p>&nbsp;<\/p>\n<p>&nbsp;<\/p>\n<p>&nbsp;<\/p>\n<p>&nbsp;<\/p>\n<p>Figura 1. Aclarida baixa de l&#8217;arbrat preservant arbres singulars a Ribera Salada. S&#8217;ha preservat un arbre amb niu de rapinyaire i els del seu entorn per donar-li protecci\u00f3.<\/p>\n","protected":false},"excerpt":{"rendered":"<p>El projecte LIFE Pinassa realitzar\u00e0 una regulaci\u00f3 de la compet\u00e8ncia intraespec\u00edfica de l&#8217;arbrat en boscos de Pinus nigra que es trobin en estadis joves d&#8217;arbrat, fruit de la regeneraci\u00f3 natural de l&#8217;esp\u00e8cie en antics terrenys de pastures o cultius. Aquestes<span class=\"ellipsis\">&hellip;<\/span><\/p>\n<div class=\"read-more\"><a href=\"https:\/\/lifepinassa.eu\/?page_id=468\">Read more &#8250;<\/a><\/div>\n<p><!-- end of .read-more --><\/p>\n","protected":false},"author":1,"featured_media":0,"parent":463,"menu_order":2,"comment_status":"open","ping_status":"open","template":"","meta":{"om_disable_all_campaigns":false,"_mi_skip_tracking":false,"ngg_post_thumbnail":0},"aioseo_notices":[],"_links":{"self":[{"href":"https:\/\/lifepinassa.eu\/index.php?rest_route=\/wp\/v2\/pages\/468"}],"collection":[{"href":"https:\/\/lifepinassa.eu\/index.php?rest_route=\/wp\/v2\/pages"}],"about":[{"href":"https:\/\/lifepinassa.eu\/index.php?rest_route=\/wp\/v2\/types\/page"}],"author":[{"embeddable":true,"href":"https:\/\/lifepinassa.eu\/index.php?rest_route=\/wp\/v2\/users\/1"}],"replies":[{"embeddable":true,"href":"https:\/\/lifepinassa.eu\/index.php?rest_route=%2Fwp%2Fv2%2Fcomments&post=468"}],"version-history":[{"count":5,"href":"https:\/\/lifepinassa.eu\/index.php?rest_route=\/wp\/v2\/pages\/468\/revisions"}],"predecessor-version":[{"id":1845,"href":"https:\/\/lifepinassa.eu\/index.php?rest_route=\/wp\/v2\/pages\/468\/revisions\/1845"}],"up":[{"embeddable":true,"href":"https:\/\/lifepinassa.eu\/index.php?rest_route=\/wp\/v2\/pages\/463"}],"wp:attachment":[{"href":"https:\/\/lifepinassa.eu\/index.php?rest_route=%2Fwp%2Fv2%2Fmedia&parent=468"}],"curies":[{"name":"wp","href":"https:\/\/api.w.org\/{rel}","templated":true}]}}