{"id":435,"date":"2015-02-04T12:18:24","date_gmt":"2015-02-04T12:18:24","guid":{"rendered":"http:\/\/lifepinassa.eu\/?page_id=435"},"modified":"2015-02-04T13:44:55","modified_gmt":"2015-02-04T13:44:55","slug":"zones-dactuacio","status":"publish","type":"page","link":"https:\/\/lifepinassa.eu\/?page_id=435","title":{"rendered":"Zones d&#8217;actuaci\u00f3"},"content":{"rendered":"<p><a href=\"http:\/\/ec.europa.eu\/environment\/nature\/natura2000\/index_en.htm\" target=\"_blank\"><img decoding=\"async\" loading=\"lazy\" class=\"alignleft wp-image-356\" src=\"http:\/\/lifepinassa.eu\/wp-content\/uploads\/2014\/10\/Natura20001-300x259.jpg\" alt=\"Natura2000\" width=\"131\" height=\"113\" srcset=\"https:\/\/lifepinassa.eu\/wp-content\/uploads\/2014\/10\/Natura20001-300x259.jpg 300w, https:\/\/lifepinassa.eu\/wp-content\/uploads\/2014\/10\/Natura20001-100x86.jpg 100w, https:\/\/lifepinassa.eu\/wp-content\/uploads\/2014\/10\/Natura20001-150x129.jpg 150w, https:\/\/lifepinassa.eu\/wp-content\/uploads\/2014\/10\/Natura20001-200x172.jpg 200w, https:\/\/lifepinassa.eu\/wp-content\/uploads\/2014\/10\/Natura20001.jpg 433w\" sizes=\"(max-width: 131px) 100vw, 131px\" \/><\/a><\/p>\n<p>Del conjunt de superf\u00edcie coberta per l&#8217;h\u00e0bitat a Catalunya, 23.058 ha (35%) estan incloses en 28 Zones Especials de Conservaci\u00f3 (antics LIC) de la <a title=\"Xarxa Natura 2000 de Catalunya\" href=\"http:\/\/mediambient.gencat.cat\/ca\/05_ambits_dactuacio\/patrimoni_natural\/senp_catalunya\/el_sistema\/xarxa_natura_2000\/\" target=\"_blank\">xarxa Natura 2000 de Catalunya<\/a>.<\/p>\n<p>Per a la realitzaci\u00f3 de les actuacions de conservaci\u00f3, s&#8217;han escollit 10 ZEC, els quals cobreixen un total de superf\u00edcie de l&#8217;h\u00e0bitat 9530* de 13.523 ha (58,5% de la superf\u00edcie de l&#8217;h\u00e0bitat en els 9 ZEC), als quals es suma un petit rodal singular no cartografiat al ZEC de Serres de Card\u00f3-el Boix; en total, els 10 ZEC que es mostren a continuaci\u00f3:<\/p>\n<ul>\n<li><a title=\"Prepirineu central catal\u00e0\" href=\"http:\/\/lifepinassa.eu\/?page_id=448\">ES0000018 &#8211; Prepirineu Central catal\u00e0<\/a><\/li>\n<li><a title=\"Serra de Montserrat\" href=\"http:\/\/lifepinassa.eu\/?page_id=457\">ES5110012 &#8211; Montserrat-Roques Blanques-Riu Llobregat<\/a><\/li>\n<li><a title=\"Serra de Castelltallat\" href=\"http:\/\/lifepinassa.eu\/?page_id=451\">ES5110014 &#8211; Serra de Castelltallat<\/a><\/li>\n<li><a title=\"Obagues de la riera de Madrona\" href=\"http:\/\/lifepinassa.eu\/?page_id=446\">ES5130027 &#8211; Obagues de la riera de Madrona<\/a><\/li>\n<li><a title=\"Serres de Queralt i Els Tossals-Aigua d\u2019Ora\" href=\"http:\/\/lifepinassa.eu\/?page_id=461\">ES5130029 &#8211; Serres de Queralt i Els Tossals-Aigua d&#8217;Ora<\/a><\/li>\n<li><a title=\"Serres de Card\u00f3-El Boix\" href=\"http:\/\/lifepinassa.eu\/?page_id=459\">ES5140006 &#8211;\u00a0Serres de Card\u00f3-El Boix<\/a><\/li>\n<li><a title=\"Muntanyes de Prades\" href=\"http:\/\/lifepinassa.eu\/?page_id=444\">ES5140008 &#8211; Muntanyes de Prades<\/a><\/li>\n<li><a title=\"Serra de Llaberia\" href=\"http:\/\/lifepinassa.eu\/?page_id=453\">ES5140009 &#8211; Tivissa-Vandell\u00f3s-Llaberia<\/a><\/li>\n<li><a title=\"Els Ports\" href=\"http:\/\/lifepinassa.eu\/?page_id=441\">ES5140011 &#8211; Sistema prelitoral meridional<\/a><\/li>\n<li><a title=\"Serra de Montsant\" href=\"http:\/\/lifepinassa.eu\/?page_id=455\">ES5140017 &#8211; Serra de Montsant-Pas de l&#8217;Ase<\/a><\/li>\n<\/ul>\n<p>La superf\u00edcie total de l&#8217;h\u00e0bitat 9530* a Espanya \u00e9s de 281.806 ha segons l&#8217;Atles dels H\u00e0bitat d&#8217;Espanya (mar\u00e7 de 2005). La superf\u00edcie total coberta per boscos dominats per <em>Pinus nigra subsp. salzmanni<\/em> a Espanya se situa en les 625.000 ha (SECF, 2010. Situaci\u00f3 dels boscos i del sector forestal a Espanya. Informe 2010). A Catalunya cobreixen una superf\u00edcie significativa, amb 66.304 ha de boscos purs i 79.798 ha de boscos mixtos amb domin\u00e0ncia de l&#8217;esp\u00e8cie.<\/p>\n<p><a href=\"http:\/\/lifepinassa.eu\/wp-content\/uploads\/2014\/10\/DistribucioPinassa.bmp\"><img decoding=\"async\" loading=\"lazy\" class=\"size-full wp-image-318 aligncenter\" src=\"http:\/\/lifepinassa.eu\/wp-content\/uploads\/2014\/10\/DistribucioPinassa.bmp\" alt=\"DistribucioPinassa\" width=\"615\" height=\"353\" \/><\/a><\/p>\n","protected":false},"excerpt":{"rendered":"<p>Del conjunt de superf\u00edcie coberta per l&#8217;h\u00e0bitat a Catalunya, 23.058 ha (35%) estan incloses en 28 Zones Especials de Conservaci\u00f3 (antics LIC) de la xarxa Natura 2000 de Catalunya. Per a la realitzaci\u00f3 de les actuacions de conservaci\u00f3, s&#8217;han escollit<span class=\"ellipsis\">&hellip;<\/span><\/p>\n<div class=\"read-more\"><a href=\"https:\/\/lifepinassa.eu\/?page_id=435\">Read more &#8250;<\/a><\/div>\n<p><!-- end of .read-more --><\/p>\n","protected":false},"author":1,"featured_media":0,"parent":0,"menu_order":0,"comment_status":"open","ping_status":"open","template":"","meta":{"om_disable_all_campaigns":false,"_mi_skip_tracking":false,"ngg_post_thumbnail":0},"aioseo_notices":[],"_links":{"self":[{"href":"https:\/\/lifepinassa.eu\/index.php?rest_route=\/wp\/v2\/pages\/435"}],"collection":[{"href":"https:\/\/lifepinassa.eu\/index.php?rest_route=\/wp\/v2\/pages"}],"about":[{"href":"https:\/\/lifepinassa.eu\/index.php?rest_route=\/wp\/v2\/types\/page"}],"author":[{"embeddable":true,"href":"https:\/\/lifepinassa.eu\/index.php?rest_route=\/wp\/v2\/users\/1"}],"replies":[{"embeddable":true,"href":"https:\/\/lifepinassa.eu\/index.php?rest_route=%2Fwp%2Fv2%2Fcomments&post=435"}],"version-history":[{"count":6,"href":"https:\/\/lifepinassa.eu\/index.php?rest_route=\/wp\/v2\/pages\/435\/revisions"}],"predecessor-version":[{"id":536,"href":"https:\/\/lifepinassa.eu\/index.php?rest_route=\/wp\/v2\/pages\/435\/revisions\/536"}],"wp:attachment":[{"href":"https:\/\/lifepinassa.eu\/index.php?rest_route=%2Fwp%2Fv2%2Fmedia&parent=435"}],"curies":[{"name":"wp","href":"https:\/\/api.w.org\/{rel}","templated":true}]}}