{"id":112,"date":"2014-11-24T11:38:49","date_gmt":"2014-11-24T11:38:49","guid":{"rendered":"http:\/\/lifepinassa.eu\/?page_id=112"},"modified":"2018-06-21T07:52:30","modified_gmt":"2018-06-21T07:52:30","slug":"c7-conservacion-de-bosques-de-pinus-nigra-adultos-adaptados-al-regimen-natural-de-fuegos","status":"publish","type":"page","link":"https:\/\/lifepinassa.eu\/?page_id=112","title":{"rendered":"C7. Conservaci\u00f3n de bosques de Pinus nigra adultos adaptados al r\u00e9gimen natural de fuegos"},"content":{"rendered":"<p>En la presente acci\u00f3n se pretende emular la din\u00e1mica natural del fuego de baja intensidad, como\u00a0elemento clave que garantiza la conservaci\u00f3n del h\u00e1bitat de <em>Pinus nigra<\/em>, manteniendo estructuras con baja\u00a0carga de combustible en los estratos inferiores y un dosel arb\u00f3reo vital.<\/p>\n<p>Para ello se aplicar\u00e1 fuego de baja intensidad mediante quemas prescritas en aquellas\u00a0localizaciones que presentan signos de madurez, se\u00f1ales de la acci\u00f3n de fuegos naturales y que\u00a0por el contrario en la actualidad muestran una carga de combustibles en los estratos inferiores que pueda\u00a0condicionar la supervivencia de la especie por el paso de un fuego de origen natural o antr\u00f3pico.<\/p>\n<h4>Objetivos espec\u00edficos<\/h4>\n<ol>\n<li>Preservar las caracter\u00edsticas de estructuras arboladas adultas adaptadas a un r\u00e9gimen natural de fuego en\u00a0masas de <em>Pinus nigra<\/em>.<\/li>\n<li>Evitar la p\u00e9rdida de estas estructuras adultas de <em>Pinus nigra<\/em> por la acci\u00f3n de un incendio forestal en\u00a0localizaciones de alto valor ecol\u00f3gico y paisaj\u00edstico.<\/li>\n<li>\u00a0Profundizar en el conocimiento de la relaci\u00f3n del fuego con la especie<em> Pinus nigra<\/em> y\u00a0que permita establecer\u00a0bases de gesti\u00f3n de la especie que integren la perturbaci\u00f3n fuego.<\/li>\n<\/ol>\n<h4>Resultados<\/h4>\n<p>En el proyecto se planifican un total 21ha, todas ellas presentes en la regi\u00f3n meridional. Finalizada la Acci\u00f3n 3, se han seleccionado un total de <strong>34,14ha<\/strong>. La distribuci\u00f3n de las acciones por ZEC y su estado de ejecuci\u00f3n se muestran en la Tabla 1.<\/p>\n<p>Tabla 1. Distribuci\u00f3n y estado de las Acciones C7 seg\u00fan Programa de conservaci\u00f3n<\/p>\n<table>\n<tbody>\n<tr>\n<td rowspan=\"2\"><strong>\u00c1MBITO <\/strong><\/td>\n<td rowspan=\"2\"><strong>ZEC <\/strong><\/td>\n<td rowspan=\"2\"><strong>Superficie <\/strong><strong>(ha) <\/strong><\/td>\n<td colspan=\"2\"><strong>TRABAJOS DE CONSERVACI\u00d3N <\/strong><\/td>\n<\/tr>\n<tr>\n<td><strong>Superficie (ha)<\/strong><\/td>\n<td><strong>Estado<\/strong><\/td>\n<\/tr>\n<tr>\n<td>Meridional<\/td>\n<td>ES5140017 Serra de Montsant-Pas de l\u2019Ase<\/td>\n<td>3,74<\/td>\n<td>3,74<\/td>\n<td>Finalizados<\/td>\n<\/tr>\n<tr>\n<td>Meridional<\/td>\n<td>ES5140006 Serres de Card\u00f3-El Boix<\/td>\n<td>7,33<\/td>\n<td>7,33<\/td>\n<td>Finalizados<\/td>\n<\/tr>\n<tr>\n<td>Meridional<\/td>\n<td>ES5140009Tivissa-Vandell\u00f2s-Llaberia<\/td>\n<td>4,77<\/td>\n<td>4,77<\/td>\n<td>Finalizados<\/td>\n<\/tr>\n<tr>\n<td>Meridional<\/td>\n<td>ES5140011 Sistema Prelitoral Meridional<\/td>\n<td>18,30<\/td>\n<td>18,30<\/td>\n<td>Finalizados<\/td>\n<\/tr>\n<\/tbody>\n<\/table>\n<p><strong>\u00a0<a href=\"http:\/\/lifepinassa.eu\/wp-content\/uploads\/2014\/11\/pinassa7.png\"><img decoding=\"async\" loading=\"lazy\" class=\"alignleft wp-image-1367 size-medium\" src=\"http:\/\/lifepinassa.eu\/wp-content\/uploads\/2014\/11\/pinassa7-300x167.png\" alt=\"pinassa7\" width=\"300\" height=\"167\" srcset=\"https:\/\/lifepinassa.eu\/wp-content\/uploads\/2014\/11\/pinassa7-300x167.png 300w, https:\/\/lifepinassa.eu\/wp-content\/uploads\/2014\/11\/pinassa7-450x251.png 450w, https:\/\/lifepinassa.eu\/wp-content\/uploads\/2014\/11\/pinassa7-100x55.png 100w, https:\/\/lifepinassa.eu\/wp-content\/uploads\/2014\/11\/pinassa7-150x83.png 150w, https:\/\/lifepinassa.eu\/wp-content\/uploads\/2014\/11\/pinassa7-200x111.png 200w, https:\/\/lifepinassa.eu\/wp-content\/uploads\/2014\/11\/pinassa7-600x334.png 600w, https:\/\/lifepinassa.eu\/wp-content\/uploads\/2014\/11\/pinassa7.png 652w\" sizes=\"(max-width: 300px) 100vw, 300px\" \/><\/a><\/strong><\/p>\n<p>&nbsp;<\/p>\n<p>&nbsp;<\/p>\n<p>&nbsp;<\/p>\n<p>&nbsp;<\/p>\n<p>&nbsp;<\/p>\n<p>Figura 1. Quema prescrita de la acci\u00f3n C7 en Serra de Montsant-Pas de l\u2019Ase<\/p>\n","protected":false},"excerpt":{"rendered":"<p>En la presente acci\u00f3n se pretende emular la din\u00e1mica natural del fuego de baja intensidad, como\u00a0elemento clave que garantiza la conservaci\u00f3n del h\u00e1bitat de Pinus nigra, manteniendo estructuras con baja\u00a0carga de combustible en los estratos inferiores y un dosel arb\u00f3reo<span class=\"ellipsis\">&hellip;<\/span><\/p>\n<div class=\"read-more\"><a href=\"https:\/\/lifepinassa.eu\/?page_id=112\">Read more &#8250;<\/a><\/div>\n<p><!-- end of .read-more --><\/p>\n","protected":false},"author":1,"featured_media":0,"parent":56,"menu_order":7,"comment_status":"open","ping_status":"open","template":"","meta":{"om_disable_all_campaigns":false,"_mi_skip_tracking":false,"ngg_post_thumbnail":0},"aioseo_notices":[],"_links":{"self":[{"href":"https:\/\/lifepinassa.eu\/index.php?rest_route=\/wp\/v2\/pages\/112"}],"collection":[{"href":"https:\/\/lifepinassa.eu\/index.php?rest_route=\/wp\/v2\/pages"}],"about":[{"href":"https:\/\/lifepinassa.eu\/index.php?rest_route=\/wp\/v2\/types\/page"}],"author":[{"embeddable":true,"href":"https:\/\/lifepinassa.eu\/index.php?rest_route=\/wp\/v2\/users\/1"}],"replies":[{"embeddable":true,"href":"https:\/\/lifepinassa.eu\/index.php?rest_route=%2Fwp%2Fv2%2Fcomments&post=112"}],"version-history":[{"count":5,"href":"https:\/\/lifepinassa.eu\/index.php?rest_route=\/wp\/v2\/pages\/112\/revisions"}],"predecessor-version":[{"id":1856,"href":"https:\/\/lifepinassa.eu\/index.php?rest_route=\/wp\/v2\/pages\/112\/revisions\/1856"}],"up":[{"embeddable":true,"href":"https:\/\/lifepinassa.eu\/index.php?rest_route=\/wp\/v2\/pages\/56"}],"wp:attachment":[{"href":"https:\/\/lifepinassa.eu\/index.php?rest_route=%2Fwp%2Fv2%2Fmedia&parent=112"}],"curies":[{"name":"wp","href":"https:\/\/api.w.org\/{rel}","templated":true}]}}