{"id":104,"date":"2014-11-24T11:37:19","date_gmt":"2014-11-24T11:37:19","guid":{"rendered":"http:\/\/lifepinassa.eu\/?page_id=104"},"modified":"2018-06-21T07:51:39","modified_gmt":"2018-06-21T07:51:39","slug":"c3-actuaciones-selvicolas-de-mejora-del-habitat-en-bosques-adultos-sin-regeneracion-de-estructura-muy-simplificada-y-baja-biodiversidad","status":"publish","type":"page","link":"https:\/\/lifepinassa.eu\/?page_id=104","title":{"rendered":"C3. Actuaciones selv\u00edcolas de mejora del h\u00e1bitat en bosques adultos sin regeneraci\u00f3n, de estructura muy simplificada y baja biodiversidad"},"content":{"rendered":"<p>La actuaci\u00f3n b\u00e1sica consistir\u00e1 en la apertura de peque\u00f1os huecos en el dosel, de menos de 1000 m2\u00a0generando conos de regeneraci\u00f3n muy adecuados para la especie y asegurar la conservaci\u00f3n de los pinares de<em> Pinus nigra<\/em>\u00a0garantizando\u00a0la regeneraci\u00f3n\u00a0natural suficiente del pino laricio como especie dominante y que condiciona en mayor medida la estructura\u00a0del h\u00e1bitat. La regeneraci\u00f3n natural de la especie en muchas zonas de su h\u00e1bitat de distribuci\u00f3n es\u00a0inexistente o muy limitada a causa de procesos hist\u00f3ricos, sobretodo en aquellas donde la gesti\u00f3n pasada fue\u00a0intensa y los \u00e1rboles semilleros, que deben garantizar la sostenibilidad del <em>Pinus nigra<\/em>, no presentan las\u00a0mejores caracter\u00edsticas para garantizar una regeneraci\u00f3n vital en el futuro.<\/p>\n<h4>Objetivos espec\u00edficos<\/h4>\n<ol>\n<li>Fomentar la regeneraci\u00f3n natural en tres rodales de <em>Pinus nigra<\/em> adultos de estructura regular, donde la\u00a0masa ya presenta s\u00edntomas de madurez y no existe regeneraci\u00f3n que garantice la sostenibilidad a largo plazo\u00a0del h\u00e1bitat dominado por el pino laricio.<\/li>\n<li>Mejorar la heterogeneidad de la vegetaci\u00f3n, la complejidad ecol\u00f3gica y la biodiversidad del bosque.<\/li>\n<li>Ejemplificar la gesti\u00f3n para la mejora de bosques j\u00f3venes y densos de escasa vitalidad, baja diversidad\u00a0estructural y elevado riesgo de incendio, y que permita la multifuncionalidad del h\u00e1bitat, compatibilizando la\u00a0conservaci\u00f3n del h\u00e1bitat con una gesti\u00f3n ecol\u00f3gica, econ\u00f3mica y socialmente sostenible.<\/li>\n<li>Elaborar material de transferencia donde se recojan las principales recomendaciones de gesti\u00f3n sobre\u00a0tratamientos de claras de mejora para garantizar la conservaci\u00f3n y mejora del h\u00e1bitat en bosques de <em>Pinus\u00a0nigra<\/em> mediante la aplicaci\u00f3n de las mejores t\u00e9cnicas disponibles (BAT) de Gesti\u00f3n Forestal Sostenible (SFM),\u00a0haciendo compatible la conservaci\u00f3n con el resto de funciones del bosque (socio-econ\u00f3mica y recreativa).<\/li>\n<\/ol>\n<p>Constituye una\u00a0acci\u00f3n demostrativa para su aplicabilidad al conjunto de los bosques de pino laricio de esta estructura de\u00a0h\u00e1bitat en el conjunto de su distribuci\u00f3n ib\u00e9rica. Los rodales donde se actuar\u00e1 presentan un elevado valor\u00a0demostrativo: se localizar\u00e1n en lugares de buena accesibilidad, son representativos de la tipolog\u00eda de h\u00e1bitat\u00a0identificada, y con todas las facilidades para su posterior visita en acciones de formaci\u00f3n y divulgaci\u00f3n.<\/p>\n<h4>Resultados<\/h4>\n<p>En el proyecto se planifican un total de 68ha<strong>, <\/strong>54ha en la regi\u00f3n prepirinaica y central y 14ha en la meridional. Finalizada la Acci\u00f3n 3, se han seleccionado un total de <strong>51,62ha<\/strong>. Durante el proceso de tramitaci\u00f3n de las acciones previstas se han excluido un total de 6,67ha, debido a los condicionantes de ejecuci\u00f3n establecidos por los \u00f3rganos de gesti\u00f3n del <em>Parc Natural dels Ports<\/em>. La distribuci\u00f3n por ZEC de las acciones y su estado de ejecuci\u00f3n se muestran en la Tabla 1:<\/p>\n<p>Tabla 1. Distribuci\u00f3n y estado de las Acciones C3 seg\u00fan Programa de conservaci\u00f3n<\/p>\n<table>\n<tbody>\n<tr>\n<td rowspan=\"2\"><strong>\u00c1MBITO <\/strong><\/td>\n<td rowspan=\"2\"><strong>ZEC <\/strong><\/td>\n<td rowspan=\"2\"><strong>Superficie <\/strong><strong>(ha) <\/strong><\/td>\n<td colspan=\"2\"><strong>TRABAJOS DE CONSERVACI\u00d3N <\/strong><\/td>\n<\/tr>\n<tr>\n<td><strong>Superficie (ha)<\/strong><\/td>\n<td><strong>Estado<\/strong><\/td>\n<\/tr>\n<tr>\n<td>Prepirenaico y central<\/td>\n<td>ES5130028 Ribera Salada<\/td>\n<td>4,20<\/td>\n<td>4,20<\/td>\n<td>Finalizados<\/td>\n<\/tr>\n<tr>\n<td>Prepirenaico y central<\/td>\n<td>ES5130027 Obagues riera de Madrona<\/td>\n<td>3,66<\/td>\n<td>3,66<\/td>\n<td>Finalizados<\/td>\n<\/tr>\n<tr>\n<td>Prepirenaico y central<\/td>\n<td>ES5130010- Serra de Boumort-Collegats<\/td>\n<td>24,33<\/td>\n<td>22,00*<\/td>\n<td>Finalizados<\/td>\n<\/tr>\n<tr>\n<td>Meridional<\/td>\n<td>ES5140011 Sistema Prelitoral Meridional<\/td>\n<td>2,15<\/td>\n<td>2,15<\/td>\n<td>Finalizados<\/td>\n<\/tr>\n<tr>\n<td>Meridional<\/td>\n<td>ES5140009Tivissa-Vandell\u00f3s-Llaberia<\/td>\n<td>17,28<\/td>\n<td>17,28<\/td>\n<td>Finalizados<\/td>\n<\/tr>\n<\/tbody>\n<\/table>\n<p>*En el proceso de marcaje se han excluido 2,33ha de corta por dificultad en el desembosque<\/p>\n<p>&nbsp;<\/p>\n<p><a href=\"http:\/\/lifepinassa.eu\/wp-content\/uploads\/2014\/11\/pinassa3.png\"><img decoding=\"async\" loading=\"lazy\" class=\"alignleft wp-image-1363\" src=\"http:\/\/lifepinassa.eu\/wp-content\/uploads\/2014\/11\/pinassa3-300x168.png\" alt=\"pinassa3\" width=\"400\" height=\"225\" srcset=\"https:\/\/lifepinassa.eu\/wp-content\/uploads\/2014\/11\/pinassa3-300x168.png 300w, https:\/\/lifepinassa.eu\/wp-content\/uploads\/2014\/11\/pinassa3-100x56.png 100w, https:\/\/lifepinassa.eu\/wp-content\/uploads\/2014\/11\/pinassa3-150x84.png 150w, https:\/\/lifepinassa.eu\/wp-content\/uploads\/2014\/11\/pinassa3-200x112.png 200w, https:\/\/lifepinassa.eu\/wp-content\/uploads\/2014\/11\/pinassa3-450x253.png 450w, https:\/\/lifepinassa.eu\/wp-content\/uploads\/2014\/11\/pinassa3-600x337.png 600w, https:\/\/lifepinassa.eu\/wp-content\/uploads\/2014\/11\/pinassa3-900x506.png 900w, https:\/\/lifepinassa.eu\/wp-content\/uploads\/2014\/11\/pinassa3.png 940w\" sizes=\"(max-width: 400px) 100vw, 400px\" \/><\/a><\/p>\n<p>&nbsp;<\/p>\n<p>&nbsp;<\/p>\n<p>&nbsp;<\/p>\n<p>&nbsp;<\/p>\n<p>&nbsp;<\/p>\n<p>&nbsp;<\/p>\n<p>&nbsp;<\/p>\n<p>&nbsp;<\/p>\n<p>Figura 1. Corta preparatoria del arbolado en Serra de Boumort-Collegats<\/p>\n","protected":false},"excerpt":{"rendered":"<p>La actuaci\u00f3n b\u00e1sica consistir\u00e1 en la apertura de peque\u00f1os huecos en el dosel, de menos de 1000 m2\u00a0generando conos de regeneraci\u00f3n muy adecuados para la especie y asegurar la conservaci\u00f3n de los pinares de Pinus nigra\u00a0garantizando\u00a0la regeneraci\u00f3n\u00a0natural suficiente del pino<span class=\"ellipsis\">&hellip;<\/span><\/p>\n<div class=\"read-more\"><a href=\"https:\/\/lifepinassa.eu\/?page_id=104\">Read more &#8250;<\/a><\/div>\n<p><!-- end of .read-more --><\/p>\n","protected":false},"author":1,"featured_media":0,"parent":56,"menu_order":3,"comment_status":"open","ping_status":"open","template":"","meta":{"om_disable_all_campaigns":false,"_mi_skip_tracking":false,"ngg_post_thumbnail":0},"aioseo_notices":[],"_links":{"self":[{"href":"https:\/\/lifepinassa.eu\/index.php?rest_route=\/wp\/v2\/pages\/104"}],"collection":[{"href":"https:\/\/lifepinassa.eu\/index.php?rest_route=\/wp\/v2\/pages"}],"about":[{"href":"https:\/\/lifepinassa.eu\/index.php?rest_route=\/wp\/v2\/types\/page"}],"author":[{"embeddable":true,"href":"https:\/\/lifepinassa.eu\/index.php?rest_route=\/wp\/v2\/users\/1"}],"replies":[{"embeddable":true,"href":"https:\/\/lifepinassa.eu\/index.php?rest_route=%2Fwp%2Fv2%2Fcomments&post=104"}],"version-history":[{"count":6,"href":"https:\/\/lifepinassa.eu\/index.php?rest_route=\/wp\/v2\/pages\/104\/revisions"}],"predecessor-version":[{"id":1852,"href":"https:\/\/lifepinassa.eu\/index.php?rest_route=\/wp\/v2\/pages\/104\/revisions\/1852"}],"up":[{"embeddable":true,"href":"https:\/\/lifepinassa.eu\/index.php?rest_route=\/wp\/v2\/pages\/56"}],"wp:attachment":[{"href":"https:\/\/lifepinassa.eu\/index.php?rest_route=%2Fwp%2Fv2%2Fmedia&parent=104"}],"curies":[{"name":"wp","href":"https:\/\/api.w.org\/{rel}","templated":true}]}}

C3. Actuaciones selvícolas de mejora del hábitat en bosques adultos sin regeneración, de estructura muy simplificada y baja biodiversidad

<p>La actuación básica consistirá en la apertura de pequeños huecos en el dosel, de menos de 1000 m2 generando conos de regeneración muy adecuados para la especie y asegurar la conservación de los pinares de<em> Pinus nigra</em> garantizando la regeneración natural suficiente del pino laricio como especie dominante y que condiciona en mayor medida la estructura del hábitat. La regeneración natural de la especie en muchas zonas de su hábitat de distribución es inexistente o muy limitada a causa de procesos históricos, sobretodo en aquellas donde la gestión pasada fue intensa y los árboles semilleros, que deben garantizar la sostenibilidad del <em>Pinus nigra</em>, no presentan las mejores características para garantizar una regeneración vital en el futuro.</p>
<h4>Objetivos específicos</h4>
<ol>
<li>Fomentar la regeneración natural en tres rodales de <em>Pinus nigra</em> adultos de estructura regular, donde la masa ya presenta síntomas de madurez y no existe regeneración que garantice la sostenibilidad a largo plazo del hábitat dominado por el pino laricio.</li>
<li>Mejorar la heterogeneidad de la vegetación, la complejidad ecológica y la biodiversidad del bosque.</li>
<li>Ejemplificar la gestión para la mejora de bosques jóvenes y densos de escasa vitalidad, baja diversidad estructural y elevado riesgo de incendio, y que permita la multifuncionalidad del hábitat, compatibilizando la conservación del hábitat con una gestión ecológica, económica y socialmente sostenible.</li>
<li>Elaborar material de transferencia donde se recojan las principales recomendaciones de gestión sobre tratamientos de claras de mejora para garantizar la conservación y mejora del hábitat en bosques de <em>Pinus nigra</em> mediante la aplicación de las mejores técnicas disponibles (BAT) de Gestión Forestal Sostenible (SFM), haciendo compatible la conservación con el resto de funciones del bosque (socio-económica y recreativa).</li>
</ol>
<p>Constituye una acción demostrativa para su aplicabilidad al conjunto de los bosques de pino laricio de esta estructura de hábitat en el conjunto de su distribución ibérica. Los rodales donde se actuará presentan un elevado valor demostrativo: se localizarán en lugares de buena accesibilidad, son representativos de la tipología de hábitat identificada, y con todas las facilidades para su posterior visita en acciones de formación y divulgación.</p>
<h4>Resultados</h4>
<p>En el proyecto se planifican un total de 68ha<strong>, </strong>54ha en la región prepirinaica y central y 14ha en la meridional. Finalizada la Acción 3, se han seleccionado un total de <strong>51,62ha</strong>. Durante el proceso de tramitación de las acciones previstas se han excluido un total de 6,67ha, debido a los condicionantes de ejecución establecidos por los órganos de gestión del <em>Parc Natural dels Ports</em>. La distribución por ZEC de las acciones y su estado de ejecución se muestran en la Tabla 1:</p>
<p>Tabla 1. Distribución y estado de las Acciones C3 según Programa de conservación</p>
<table>
<tbody>
<tr>
<td rowspan="2"><strong>ÁMBITO </strong></td>
<td rowspan="2"><strong>ZEC </strong></td>
<td rowspan="2"><strong>Superficie </strong><strong>(ha) </strong></td>
<td colspan="2"><strong>TRABAJOS DE CONSERVACIÓN </strong></td>
</tr>
<tr>
<td><strong>Superficie (ha)</strong></td>
<td><strong>Estado</strong></td>
</tr>
<tr>
<td>Prepirenaico y central</td>
<td>ES5130028 Ribera Salada</td>
<td>4,20</td>
<td>4,20</td>
<td>Finalizados</td>
</tr>
<tr>
<td>Prepirenaico y central</td>
<td>ES5130027 Obagues riera de Madrona</td>
<td>3,66</td>
<td>3,66</td>
<td>Finalizados</td>
</tr>
<tr>
<td>Prepirenaico y central</td>
<td>ES5130010- Serra de Boumort-Collegats</td>
<td>24,33</td>
<td>22,00*</td>
<td>Finalizados</td>
</tr>
<tr>
<td>Meridional</td>
<td>ES5140011 Sistema Prelitoral Meridional</td>
<td>2,15</td>
<td>2,15</td>
<td>Finalizados</td>
</tr>
<tr>
<td>Meridional</td>
<td>ES5140009Tivissa-Vandellós-Llaberia</td>
<td>17,28</td>
<td>17,28</td>
<td>Finalizados</td>
</tr>
</tbody>
</table>
<p>*En el proceso de marcaje se han excluido 2,33ha de corta por dificultad en el desembosque</p>
<p>&nbsp;</p>
<p><a href="http://lifepinassa.eu/wp-content/uploads/2014/11/pinassa3.png"><img decoding="async" loading="lazy" class="alignleft wp-image-1363" src="http://lifepinassa.eu/wp-content/uploads/2014/11/pinassa3-300x168.png" alt="pinassa3" width="400" height="225" srcset="https://lifepinassa.eu/wp-content/uploads/2014/11/pinassa3-300x168.png 300w, https://lifepinassa.eu/wp-content/uploads/2014/11/pinassa3-100x56.png 100w, https://lifepinassa.eu/wp-content/uploads/2014/11/pinassa3-150x84.png 150w, https://lifepinassa.eu/wp-content/uploads/2014/11/pinassa3-200x112.png 200w, https://lifepinassa.eu/wp-content/uploads/2014/11/pinassa3-450x253.png 450w, https://lifepinassa.eu/wp-content/uploads/2014/11/pinassa3-600x337.png 600w, https://lifepinassa.eu/wp-content/uploads/2014/11/pinassa3-900x506.png 900w, https://lifepinassa.eu/wp-content/uploads/2014/11/pinassa3.png 940w" sizes="(max-width: 400px) 100vw, 400px" /></a></p>
<p>&nbsp;</p>
<p>&nbsp;</p>
<p>&nbsp;</p>
<p>&nbsp;</p>
<p>&nbsp;</p>
<p>&nbsp;</p>
<p>&nbsp;</p>
<p>&nbsp;</p>
<p>Figura 1. Corta preparatoria del arbolado en Serra de Boumort-Collegats</p>

<p>La actuación básica consistirá en la apertura de pequeños huecos en el dosel, de menos de 1000 m2 generando conos de regeneración muy adecuados para la especie y asegurar la conservación de los pinares de Pinus nigra garantizando la regeneración natural suficiente del pino<span class="ellipsis">&hellip;</span></p>
<div class="read-more"><a href="https://lifepinassa.eu/?page_id=104">Read more &#8250;</a></div>
<p><!-- end of .read-more --></p>
